{"id":4605,"date":"2019-12-07T09:25:10","date_gmt":"2019-12-07T09:25:10","guid":{"rendered":"http:\/\/paleo-energetique.org\/?post_type=paleoinventions&#038;p=4605"},"modified":"2019-12-07T09:25:10","modified_gmt":"2019-12-07T09:25:10","slug":"las-pilas-alcalinas-son-regenerables-segun-uno-de-sus-inventores-karl-kordesch","status":"publish","type":"paleoinventions","link":"https:\/\/paleo-energetique.org\/es\/paleoinventions\/las-pilas-alcalinas-son-regenerables-segun-uno-de-sus-inventores-karl-kordesch\/","title":{"rendered":"Las pilas alcalinas son regenerables, seg\u00fan uno de sus inventores Karl Kordesch"},"content":{"rendered":"<p>Las pilas alcalinas \u201cno recargables\u201d, tan presentes en nuestra vida cotidiana, no son realmente \u00abde usar y tirar\u00bb. Karl Kordesch, uno de los inventores de la bater\u00eda alcalina, hab\u00eda demostrado a principios de los a\u00f1os ochenta que estas bater\u00edas eran re-utilizables. Si hubi\u00e9semos escuchado su testimonio, habr\u00edamos logrado reducir el actual desperdicio energ\u00e9tico de las bater\u00edas y su impacto medioambiental. A partir del a\u00f1o 2014, en Francia, se aprob\u00f3 la Ley de la transici\u00f3n energ\u00e9tica y la obsolescencia programada. Por ello, este es el momento preciso, para el equipo Paleo-Energ\u00e9tico, de retomar las teor\u00edas del Profesor Kordesch sobre estas bater\u00edas que s\u00ed son reutilizables pero que hasta ahora se han mostrado tan poco eficaces (para la fabricaci\u00f3n de una pila alcalina se necesitan aproximadamente 50 veces m\u00e1s de energ\u00eda, que la energ\u00eda que esta bater\u00eda liberar\u00e1 durante su utilizaci\u00f3n).<\/p>\n","protected":false},"featured_media":3528,"template":"","format":"standard","class_list":["post-4605","paleoinventions","type-paleoinventions","status-publish","format-standard","has-post-thumbnail","hentry"],"acf":[],"yoast_head":"<!-- This site is optimized with the Yoast SEO plugin v26.0 - https:\/\/yoast.com\/wordpress\/plugins\/seo\/ -->\n<title>Las pilas alcalinas son regenerables, seg\u00fan uno de sus inventores Karl Kordesch - Pal\u00e9o-Energ\u00e9tique<\/title>\n<meta name=\"robots\" content=\"index, follow, max-snippet:-1, max-image-preview:large, max-video-preview:-1\" \/>\n<link rel=\"canonical\" href=\"https:\/\/paleo-energetique.org\/es\/paleoinventions\/las-pilas-alcalinas-son-regenerables-segun-uno-de-sus-inventores-karl-kordesch\/\" \/>\n<meta property=\"og:locale\" content=\"es_ES\" \/>\n<meta property=\"og:type\" content=\"article\" \/>\n<meta property=\"og:title\" content=\"Las pilas alcalinas son regenerables, seg\u00fan uno de sus inventores Karl Kordesch - Pal\u00e9o-Energ\u00e9tique\" \/>\n<meta property=\"og:description\" content=\"Las pilas alcalinas \u201cno recargables\u201d, tan presentes en nuestra vida cotidiana, no son realmente \u00abde usar y tirar\u00bb. Karl Kordesch, uno de los inventores de la bater\u00eda alcalina, hab\u00eda demostrado a principios de los a\u00f1os ochenta que estas bater\u00edas eran re-utilizables. Si hubi\u00e9semos escuchado su [&hellip;]\" \/>\n<meta property=\"og:url\" content=\"https:\/\/paleo-energetique.org\/es\/paleoinventions\/las-pilas-alcalinas-son-regenerables-segun-uno-de-sus-inventores-karl-kordesch\/\" \/>\n<meta property=\"og:site_name\" content=\"Pal\u00e9o-Energ\u00e9tique\" \/>\n<meta property=\"article:publisher\" content=\"https:\/\/www.facebook.com\/paleoenergie\/\" \/>\n<meta property=\"og:image\" content=\"https:\/\/paleo-energetique.org\/wp-content\/uploads\/2019\/06\/1981-Piles-alkalines-rechargeables-_Paleo_Energetique.png\" \/>\n\t<meta property=\"og:image:width\" content=\"1095\" \/>\n\t<meta property=\"og:image:height\" content=\"681\" \/>\n\t<meta property=\"og:image:type\" content=\"image\/png\" \/>\n<meta name=\"twitter:card\" content=\"summary_large_image\" \/>\n<meta name=\"twitter:label1\" content=\"Tiempo de lectura\" \/>\n\t<meta name=\"twitter:data1\" content=\"1 minuto\" \/>\n<script type=\"application\/ld+json\" class=\"yoast-schema-graph\">{\"@context\":\"https:\/\/schema.org\",\"@graph\":[{\"@type\":\"WebPage\",\"@id\":\"https:\/\/paleo-energetique.org\/es\/paleoinventions\/las-pilas-alcalinas-son-regenerables-segun-uno-de-sus-inventores-karl-kordesch\/\",\"url\":\"https:\/\/paleo-energetique.org\/es\/paleoinventions\/las-pilas-alcalinas-son-regenerables-segun-uno-de-sus-inventores-karl-kordesch\/\",\"name\":\"Las pilas alcalinas son regenerables, seg\u00fan uno de sus inventores Karl Kordesch - Pal\u00e9o-Energ\u00e9tique\",\"isPartOf\":{\"@id\":\"https:\/\/paleo-energetique.org\/#website\"},\"primaryImageOfPage\":{\"@id\":\"https:\/\/paleo-energetique.org\/es\/paleoinventions\/las-pilas-alcalinas-son-regenerables-segun-uno-de-sus-inventores-karl-kordesch\/#primaryimage\"},\"image\":{\"@id\":\"https:\/\/paleo-energetique.org\/es\/paleoinventions\/las-pilas-alcalinas-son-regenerables-segun-uno-de-sus-inventores-karl-kordesch\/#primaryimage\"},\"thumbnailUrl\":\"https:\/\/paleo-energetique.org\/wp-content\/uploads\/2019\/06\/1981-Piles-alkalines-rechargeables-_Paleo_Energetique.png\",\"datePublished\":\"2019-12-07T09:25:10+00:00\",\"breadcrumb\":{\"@id\":\"https:\/\/paleo-energetique.org\/es\/paleoinventions\/las-pilas-alcalinas-son-regenerables-segun-uno-de-sus-inventores-karl-kordesch\/#breadcrumb\"},\"inLanguage\":\"es\",\"potentialAction\":[{\"@type\":\"ReadAction\",\"target\":[\"https:\/\/paleo-energetique.org\/es\/paleoinventions\/las-pilas-alcalinas-son-regenerables-segun-uno-de-sus-inventores-karl-kordesch\/\"]}]},{\"@type\":\"ImageObject\",\"inLanguage\":\"es\",\"@id\":\"https:\/\/paleo-energetique.org\/es\/paleoinventions\/las-pilas-alcalinas-son-regenerables-segun-uno-de-sus-inventores-karl-kordesch\/#primaryimage\",\"url\":\"https:\/\/paleo-energetique.org\/wp-content\/uploads\/2019\/06\/1981-Piles-alkalines-rechargeables-_Paleo_Energetique.png\",\"contentUrl\":\"https:\/\/paleo-energetique.org\/wp-content\/uploads\/2019\/06\/1981-Piles-alkalines-rechargeables-_Paleo_Energetique.png\",\"width\":1095,\"height\":681},{\"@type\":\"BreadcrumbList\",\"@id\":\"https:\/\/paleo-energetique.org\/es\/paleoinventions\/las-pilas-alcalinas-son-regenerables-segun-uno-de-sus-inventores-karl-kordesch\/#breadcrumb\",\"itemListElement\":[{\"@type\":\"ListItem\",\"position\":1,\"name\":\"Accueil\",\"item\":\"https:\/\/paleo-energetique.org\/es\/\"},{\"@type\":\"ListItem\",\"position\":2,\"name\":\"Las pilas alcalinas son regenerables, seg\u00fan uno de sus inventores Karl Kordesch\"}]},{\"@type\":\"WebSite\",\"@id\":\"https:\/\/paleo-energetique.org\/#website\",\"url\":\"https:\/\/paleo-energetique.org\/\",\"name\":\"Pal\u00e9o-Energ\u00e9tique\",\"description\":\"R\u00e9inventer l&#039;Histoire de L&#039;\u00e9nergie\",\"potentialAction\":[{\"@type\":\"SearchAction\",\"target\":{\"@type\":\"EntryPoint\",\"urlTemplate\":\"https:\/\/paleo-energetique.org\/?s={search_term_string}\"},\"query-input\":{\"@type\":\"PropertyValueSpecification\",\"valueRequired\":true,\"valueName\":\"search_term_string\"}}],\"inLanguage\":\"es\"}]}<\/script>\n<!-- \/ Yoast SEO plugin. -->","yoast_head_json":{"title":"Las pilas alcalinas son regenerables, seg\u00fan uno de sus inventores Karl Kordesch - Pal\u00e9o-Energ\u00e9tique","robots":{"index":"index","follow":"follow","max-snippet":"max-snippet:-1","max-image-preview":"max-image-preview:large","max-video-preview":"max-video-preview:-1"},"canonical":"https:\/\/paleo-energetique.org\/es\/paleoinventions\/las-pilas-alcalinas-son-regenerables-segun-uno-de-sus-inventores-karl-kordesch\/","og_locale":"es_ES","og_type":"article","og_title":"Las pilas alcalinas son regenerables, seg\u00fan uno de sus inventores Karl Kordesch - Pal\u00e9o-Energ\u00e9tique","og_description":"Las pilas alcalinas \u201cno recargables\u201d, tan presentes en nuestra vida cotidiana, no son realmente \u00abde usar y tirar\u00bb. Karl Kordesch, uno de los inventores de la bater\u00eda alcalina, hab\u00eda demostrado a principios de los a\u00f1os ochenta que estas bater\u00edas eran re-utilizables. Si hubi\u00e9semos escuchado su [&hellip;]","og_url":"https:\/\/paleo-energetique.org\/es\/paleoinventions\/las-pilas-alcalinas-son-regenerables-segun-uno-de-sus-inventores-karl-kordesch\/","og_site_name":"Pal\u00e9o-Energ\u00e9tique","article_publisher":"https:\/\/www.facebook.com\/paleoenergie\/","og_image":[{"width":1095,"height":681,"url":"https:\/\/paleo-energetique.org\/wp-content\/uploads\/2019\/06\/1981-Piles-alkalines-rechargeables-_Paleo_Energetique.png","type":"image\/png"}],"twitter_card":"summary_large_image","twitter_misc":{"Tiempo de lectura":"1 minuto"},"schema":{"@context":"https:\/\/schema.org","@graph":[{"@type":"WebPage","@id":"https:\/\/paleo-energetique.org\/es\/paleoinventions\/las-pilas-alcalinas-son-regenerables-segun-uno-de-sus-inventores-karl-kordesch\/","url":"https:\/\/paleo-energetique.org\/es\/paleoinventions\/las-pilas-alcalinas-son-regenerables-segun-uno-de-sus-inventores-karl-kordesch\/","name":"Las pilas alcalinas son regenerables, seg\u00fan uno de sus inventores Karl Kordesch - Pal\u00e9o-Energ\u00e9tique","isPartOf":{"@id":"https:\/\/paleo-energetique.org\/#website"},"primaryImageOfPage":{"@id":"https:\/\/paleo-energetique.org\/es\/paleoinventions\/las-pilas-alcalinas-son-regenerables-segun-uno-de-sus-inventores-karl-kordesch\/#primaryimage"},"image":{"@id":"https:\/\/paleo-energetique.org\/es\/paleoinventions\/las-pilas-alcalinas-son-regenerables-segun-uno-de-sus-inventores-karl-kordesch\/#primaryimage"},"thumbnailUrl":"https:\/\/paleo-energetique.org\/wp-content\/uploads\/2019\/06\/1981-Piles-alkalines-rechargeables-_Paleo_Energetique.png","datePublished":"2019-12-07T09:25:10+00:00","breadcrumb":{"@id":"https:\/\/paleo-energetique.org\/es\/paleoinventions\/las-pilas-alcalinas-son-regenerables-segun-uno-de-sus-inventores-karl-kordesch\/#breadcrumb"},"inLanguage":"es","potentialAction":[{"@type":"ReadAction","target":["https:\/\/paleo-energetique.org\/es\/paleoinventions\/las-pilas-alcalinas-son-regenerables-segun-uno-de-sus-inventores-karl-kordesch\/"]}]},{"@type":"ImageObject","inLanguage":"es","@id":"https:\/\/paleo-energetique.org\/es\/paleoinventions\/las-pilas-alcalinas-son-regenerables-segun-uno-de-sus-inventores-karl-kordesch\/#primaryimage","url":"https:\/\/paleo-energetique.org\/wp-content\/uploads\/2019\/06\/1981-Piles-alkalines-rechargeables-_Paleo_Energetique.png","contentUrl":"https:\/\/paleo-energetique.org\/wp-content\/uploads\/2019\/06\/1981-Piles-alkalines-rechargeables-_Paleo_Energetique.png","width":1095,"height":681},{"@type":"BreadcrumbList","@id":"https:\/\/paleo-energetique.org\/es\/paleoinventions\/las-pilas-alcalinas-son-regenerables-segun-uno-de-sus-inventores-karl-kordesch\/#breadcrumb","itemListElement":[{"@type":"ListItem","position":1,"name":"Accueil","item":"https:\/\/paleo-energetique.org\/es\/"},{"@type":"ListItem","position":2,"name":"Las pilas alcalinas son regenerables, seg\u00fan uno de sus inventores Karl Kordesch"}]},{"@type":"WebSite","@id":"https:\/\/paleo-energetique.org\/#website","url":"https:\/\/paleo-energetique.org\/","name":"Pal\u00e9o-Energ\u00e9tique","description":"R\u00e9inventer l&#039;Histoire de L&#039;\u00e9nergie","potentialAction":[{"@type":"SearchAction","target":{"@type":"EntryPoint","urlTemplate":"https:\/\/paleo-energetique.org\/?s={search_term_string}"},"query-input":{"@type":"PropertyValueSpecification","valueRequired":true,"valueName":"search_term_string"}}],"inLanguage":"es"}]}},"_links":{"self":[{"href":"https:\/\/paleo-energetique.org\/es\/wp-json\/wp\/v2\/paleoinventions\/4605","targetHints":{"allow":["GET"]}}],"collection":[{"href":"https:\/\/paleo-energetique.org\/es\/wp-json\/wp\/v2\/paleoinventions"}],"about":[{"href":"https:\/\/paleo-energetique.org\/es\/wp-json\/wp\/v2\/types\/paleoinventions"}],"version-history":[{"count":0,"href":"https:\/\/paleo-energetique.org\/es\/wp-json\/wp\/v2\/paleoinventions\/4605\/revisions"}],"wp:featuredmedia":[{"embeddable":true,"href":"https:\/\/paleo-energetique.org\/es\/wp-json\/wp\/v2\/media\/3528"}],"wp:attachment":[{"href":"https:\/\/paleo-energetique.org\/es\/wp-json\/wp\/v2\/media?parent=4605"}],"curies":[{"name":"wp","href":"https:\/\/api.w.org\/{rel}","templated":true}]}}

Las pilas alcalinas son regenerables, según uno de sus inventores Karl Kordesch

<p>Las pilas alcalinas “no recargables”, tan presentes en nuestra vida cotidiana, no son realmente «de usar y tirar». Karl Kordesch, uno de los inventores de la batería alcalina, había demostrado a principios de los años ochenta que estas baterías eran re-utilizables. Si hubiésemos escuchado su testimonio, habríamos logrado reducir el actual desperdicio energético de las baterías y su impacto medioambiental. A partir del año 2014, en Francia, se aprobó la Ley de la transición energética y la obsolescencia programada. Por ello, este es el momento preciso, para el equipo Paleo-Energético, de retomar las teorías del Profesor Kordesch sobre estas baterías que sí son reutilizables pero que hasta ahora se han mostrado tan poco eficaces (para la fabricación de una pila alcalina se necesitan aproximadamente 50 veces más de energía, que la energía que esta batería liberará durante su utilización).</p>

<!-- This site is optimized with the Yoast SEO plugin v26.0 - https://yoast.com/wordpress/plugins/seo/ -->
<title>Las pilas alcalinas son regenerables, según uno de sus inventores Karl Kordesch - Paléo-Energétique</title>
<meta name="robots" content="index, follow, max-snippet:-1, max-image-preview:large, max-video-preview:-1" />
<link rel="canonical" href="https://paleo-energetique.org/es/paleoinventions/las-pilas-alcalinas-son-regenerables-segun-uno-de-sus-inventores-karl-kordesch/" />
<meta property="og:locale" content="es_ES" />
<meta property="og:type" content="article" />
<meta property="og:title" content="Las pilas alcalinas son regenerables, según uno de sus inventores Karl Kordesch - Paléo-Energétique" />
<meta property="og:description" content="Las pilas alcalinas “no recargables”, tan presentes en nuestra vida cotidiana, no son realmente «de usar y tirar». Karl Kordesch, uno de los inventores de la batería alcalina, había demostrado a principios de los años ochenta que estas baterías eran re-utilizables. Si hubiésemos escuchado su [&hellip;]" />
<meta property="og:url" content="https://paleo-energetique.org/es/paleoinventions/las-pilas-alcalinas-son-regenerables-segun-uno-de-sus-inventores-karl-kordesch/" />
<meta property="og:site_name" content="Paléo-Energétique" />
<meta property="article:publisher" content="https://www.facebook.com/paleoenergie/" />
<meta property="og:image" content="https://paleo-energetique.org/wp-content/uploads/2019/06/1981-Piles-alkalines-rechargeables-_Paleo_Energetique.png" />
	<meta property="og:image:width" content="1095" />
	<meta property="og:image:height" content="681" />
	<meta property="og:image:type" content="image/png" />
<meta name="twitter:card" content="summary_large_image" />
<meta name="twitter:label1" content="Tiempo de lectura" />
	<meta name="twitter:data1" content="1 minuto" />
<script type="application/ld+json" class="yoast-schema-graph">{"@context":"https://schema.org","@graph":[{"@type":"WebPage","@id":"https://paleo-energetique.org/es/paleoinventions/las-pilas-alcalinas-son-regenerables-segun-uno-de-sus-inventores-karl-kordesch/","url":"https://paleo-energetique.org/es/paleoinventions/las-pilas-alcalinas-son-regenerables-segun-uno-de-sus-inventores-karl-kordesch/","name":"Las pilas alcalinas son regenerables, según uno de sus inventores Karl Kordesch - Paléo-Energétique","isPartOf":{"@id":"https://paleo-energetique.org/#website"},"primaryImageOfPage":{"@id":"https://paleo-energetique.org/es/paleoinventions/las-pilas-alcalinas-son-regenerables-segun-uno-de-sus-inventores-karl-kordesch/#primaryimage"},"image":{"@id":"https://paleo-energetique.org/es/paleoinventions/las-pilas-alcalinas-son-regenerables-segun-uno-de-sus-inventores-karl-kordesch/#primaryimage"},"thumbnailUrl":"https://paleo-energetique.org/wp-content/uploads/2019/06/1981-Piles-alkalines-rechargeables-_Paleo_Energetique.png","datePublished":"2019-12-07T09:25:10+00:00","breadcrumb":{"@id":"https://paleo-energetique.org/es/paleoinventions/las-pilas-alcalinas-son-regenerables-segun-uno-de-sus-inventores-karl-kordesch/#breadcrumb"},"inLanguage":"es","potentialAction":[{"@type":"ReadAction","target":["https://paleo-energetique.org/es/paleoinventions/las-pilas-alcalinas-son-regenerables-segun-uno-de-sus-inventores-karl-kordesch/"]}]},{"@type":"ImageObject","inLanguage":"es","@id":"https://paleo-energetique.org/es/paleoinventions/las-pilas-alcalinas-son-regenerables-segun-uno-de-sus-inventores-karl-kordesch/#primaryimage","url":"https://paleo-energetique.org/wp-content/uploads/2019/06/1981-Piles-alkalines-rechargeables-_Paleo_Energetique.png","contentUrl":"https://paleo-energetique.org/wp-content/uploads/2019/06/1981-Piles-alkalines-rechargeables-_Paleo_Energetique.png","width":1095,"height":681},{"@type":"BreadcrumbList","@id":"https://paleo-energetique.org/es/paleoinventions/las-pilas-alcalinas-son-regenerables-segun-uno-de-sus-inventores-karl-kordesch/#breadcrumb","itemListElement":[{"@type":"ListItem","position":1,"name":"Accueil","item":"https://paleo-energetique.org/es/"},{"@type":"ListItem","position":2,"name":"Las pilas alcalinas son regenerables, según uno de sus inventores Karl Kordesch"}]},{"@type":"WebSite","@id":"https://paleo-energetique.org/#website","url":"https://paleo-energetique.org/","name":"Paléo-Energétique","description":"Réinventer l&#039;Histoire de L&#039;énergie","potentialAction":[{"@type":"SearchAction","target":{"@type":"EntryPoint","urlTemplate":"https://paleo-energetique.org/?s={search_term_string}"},"query-input":{"@type":"PropertyValueSpecification","valueRequired":true,"valueName":"search_term_string"}}],"inLanguage":"es"}]}</script>
<!-- / Yoast SEO plugin. -->

Las pilas alcalinas son regenerables, según uno de sus inventores Karl Kordesch - Paléo-Energétique

Las pilas alcalinas “no recargables”, tan presentes en nuestra vida cotidiana, no son realmente «de usar y tirar». Karl Kordesch, uno de los inventores de la batería alcalina, había demostrado a principios de los años ochenta que estas baterías eran re-utilizables. Si hubiésemos escuchado su [&hellip;]

Paléo-Energétique

Réinventer l&#039;Histoire de L&#039;énergie
